s of 21580276?
2, 17, 19, 16703
List the prime factors of 413845.
5, 37, 2237
List the prime factors of 14234375.
5, 911
What are the prime factors of 6483?
3, 2161
List the prime factors of 119442.
2, 3, 17, 1171
What are the prime factors of 20040309?
3, 2226701
What are the prime factors of 2967836?
2, 257, 2887
What are the prime factors of 26075683?
4723, 5521
What are the prime factors of 189934?
2, 23, 4129
List the prime factors of 56154.
2, 3, 7, 191
List the prime factors of 7685545.
5, 7, 219587
What are the prime factors of 4339133?
4339133
What are the prime factors of 25026202?
2, 12513101
List the prime factors of 1777838.
2, 888919
List the prime factors of 14191534.
2, 7, 1013681
What are the prime factors of 11509659?
3, 7, 26099
What are the prime factors of 2203392?
2, 3, 19, 151
What are the prime factors of 358045?
5, 101, 709
What are the prime factors of 36032?
2, 563
What are the prime factors of 34330548?
2, 3, 7, 17, 29, 829
What are the prime factors of 790091?
173, 4567
What are the prime factors of 38907?
3, 11, 131
List the prime factors of 20852106.
2, 3, 11, 193, 1637
List the prime factors of 456913.
37, 53, 233
What are the prime factors of 17247167?
7, 47, 7489
List the prime factors of 1044323.
7, 193, 773
List the prime factors of 433537.
13, 33349
What are the prime factors of 2322647?
2322647
What are the prime factors of 2465?
5, 17, 29
What are the prime factors of 200041?
200041
List the prime factors of 157963.
13, 29, 419
What are the prime factors of 13685605?
5, 19, 71, 2029
What are the prime factors of 10975892?
2, 137, 20029
List the prime factors of 4689273.
3, 1563091
List the prime factors of 236341.
7, 19, 1777
What are the prime factors of 97367?
97367
List the prime factors of 297869.
11, 13, 2083
List the prime factors of 829082.
2, 257, 1613
What are the prime factors of 4946862?
2, 3, 824477
What are the prime factors of 1563181?
587, 2663
What are the prime factors of 5734161?
3, 637129
List the prime factors of 7224655.
5, 19, 113, 673
What are the prime factors of 1624364?
2, 7, 58013
What are the prime factors of 1603637?
7, 193, 1187
List the prime factors of 273708.
2, 3, 7603
What are the prime factors of 4598696?
2, 59, 9743
List the prime factors of 2984465.
5, 11, 4933
List the prime factors of 12132642.
2, 3, 59, 34273
What are the prime factors of 269767?
23, 37, 317
What are the prime factors of 642443?
47, 13669
What are the prime factors of 13300128?
2, 3, 46181
List the prime factors of 4445833.
7, 635119
What are the prime factors of 12165272?
2, 7, 109, 1993
What are the prime factors of 30081108?
2, 3, 2506759
List the prime factors of 900572.
2, 225143
List the prime factors of 254631.
3, 13, 6529
What are the prime factors of 9719414?
2, 131, 37097
List the prime factors of 1239059.
59, 21001
List the prime factors of 758109.
3, 11, 22973
What are the prime factors of 3843042?
2, 3, 7, 37, 2473
What are the prime factors of 22896?
2, 3, 53
List the prime factors of 74367.
3, 8263
List the prime factors of 164720.
2, 5, 29, 71
What are the prime factors of 30614116?
2, 13, 588733
List the prime factors of 206448.
2, 3, 11, 17, 23
List the prime factors of 987219.
3, 229, 479
List the prime factors of 522859.
23, 127, 179
List the prime factors of 2681569.
11, 433, 563
What are the prime factors of 1027210?
2, 5, 139, 739
What are the prime factors of 852922?
2, 7, 60923
What are the prime factors of 164148?
2, 3, 13679
What are the prime factors of 2412625?
5, 19301
List the prime factors of 6825458.
2, 3412729
List the prime factors of 1829.
31, 59
What are the prime factors of 1257703?
59, 21317
What are the prime factors of 7807633?
211, 37003
What are the prime factors of 1178522?
2, 79, 7459
List the prime factors of 10989945.
3, 5, 127, 641
List the prime factors of 291612.
2, 3, 19, 1279
What are the prime factors of 22378350?
2, 3, 5, 193, 773
What are the prime factors of 15973954?
2, 29, 9497
What are the prime factors of 3041109?
3, 337901
List the prime factors of 219253.
233, 941
What are the prime factors of 142909?
13, 10993
List the prime factors of 737479.
737479
List the prime factors of 4335296.
2, 7, 9677
What are the prime factors of 757504?
2, 11, 269
List the prime factors of 657293.
7, 13, 31, 233
List the prime factors of 6589254.
2, 3, 7, 156887
List the prime factors of 3140440.
2, 5, 78511
List the prime factors of 19500409.
211, 92419
What are the prime factors of 13095093?
3, 11, 47, 8443
What are the prime factors of 11207607?
3, 17, 219757
What are the prime factors of 476976?
2, 3, 19, 523
What are the prime factors of 119632?
2, 7477
List the prime factors of 357791.
7, 79, 647
List the prime factors of 5833252.
2, 179, 8147
What are the prime factors of 1176977?
31, 37967
List the prime factors of 1228955.
5, 7, 13, 37, 73
What are the prime factors of 33570?
2, 3, 5, 373
List the prime factors of 1554087.
3, 23, 101, 223
What are the prime factors of 149299?
173, 863
List the prime factors of 265252.
2, 13, 5101
What are the prime factors of 3657935?
5, 731587
What are the prime factors of 32528613?
3, 13, 83, 773
What are the prime factors of 816516?
2, 3, 37, 613
What are the prime factors of 4455248?
2, 7, 39779
List the prime factors of 1450513.
1450513
List the prime factors of 2877014.
2, 7, 89, 2309
List the prime factors of 3952639.
877, 4507
List the prime factors of 4527237.
3, 11, 13, 61, 173
What are the prime factors of 861878?
2, 19, 37, 613
List the prime factors of 2689149.
3, 41, 21863
List the prime factors of 1863451.
1863451
List the prime factors of 13161233.
37, 227, 1567
What are the prime factors of 4377945?
3, 5, 11, 13, 157
List the prime factors of 1076770.
2, 5, 29, 47, 79
List the prime factors of 12473977.
181, 68917
List the prime factors of 118523.
29, 61, 67
List the prime factors of 427285.
5, 97, 881
List the prime factors of 441414.
2, 3, 137, 179
What are the prime factors of 1978611?
3, 277, 2381
List the prime factors of 58484.
2, 14621
List the prime factors of 76695.
3, 5, 5113
What are the prime factors of 421071?
3, 7, 20051
List the prime factors of 1966666.
2, 13, 75641
List the prime factors of 119549.
119549
What are the prime factors of 10756401?
3, 3585467
List the prime factors of 8977755.
3, 5, 31, 43, 449
List the prime factors of 567861.
3, 7, 3863
What are the prime factors of 2305212?
2, 3, 7, 13, 2111
What are the prime factors of 413112?
2, 3, 7, 2459
What are the prime factors of 1591587?
3, 89, 1987
What are the prime factors of 343555?
5, 68711
List the prime factors of 2304297.
3, 256033
List the prime factors of 2566135.
5, 11, 13, 37, 97
List the prime factors of 13785832.
2, 23, 74923
What are the prime factors of 1007333?
139, 7247
List the prime factors of 1893487.
59, 67, 479
What are the prime factors of 251046?
2, 3, 4649
What are the prime factors of 208271?
7, 29753
What are the prime factors of 191892?
2, 3, 15991
What are the prime factors of 219963?
3, 17, 19, 227
List the prime factors of 1840428.
2, 3, 17041
What are the prime factors of 607977?
3, 43, 1571
What are the prime factors of 515377?
515377
What are the prime factors of 11526132?
2, 3, 151, 6361
What are the prime factors of 772698?
2, 3, 89, 1447
List the prime factors of 13074966.
2, 3, 242129
What are the prime factors of 7530014?
2, 17, 221471
List the prime factors of 7583601.
3, 89, 28403
What are the prime factors of 901675?
5, 36067
What are the prime factors of 1051364?
2, 67, 3923
What are the prime factors of 6398386?
2, 29, 107, 1031
List the prime factors of 605559.
3, 71, 2843
List the prime factors of 27842590.
2, 5, 2784259
List the prime factors of 7723936.
2, 11, 21943
List the prime factors of 3246520.
2, 5, 81163
List the prime factors of 506562.
2, 3, 7, 1723
List the prime factors of 40480.
2, 5, 11, 23
List the prime factors of 90665.
5, 18133
What are the prime factors of 1794474?
2, 3, 11, 19, 53
What are the prime factors of 396872?
2, 7, 19, 373
What are the prime factors of 13759815?
3, 5, 31, 127, 233
List the prime factors of 85708.
2, 7, 3061
What are the prime factors of 804260?
2, 5, 40213
What are the prime factors of 109404?
2, 3, 1013
What are the prime f